{"id":106096,"date":"2021-11-22T09:17:24","date_gmt":"2021-11-22T08:17:24","guid":{"rendered":"https:\/\/www.blog2social.com\/de\/blog\/?page_id=106096"},"modified":"2022-04-28T12:08:11","modified_gmt":"2022-04-28T10:08:11","slug":"revisions","status":"publish","type":"page","link":"https:\/\/www.blog2social.com\/de\/blog\/revisions\/","title":{"rendered":"R\u00e9visions \u00e0 Blog2Social"},"content":{"rendered":"\n<h2 class=\"wp-block-heading\">Tu trouveras ici des commentaires, des r\u00e9visions et des avis de clients enthousiastes sur Blog2Social.<\/h2>\n\n\n\n<p> &#8222;<em>Blog2Social saves your time and prevents you from this sharing-pain&#8220;<\/em>, estime Chris Abraham. Et Blog2Social peut faire bien plus encore. Vous \u00eates curieux ? <a href=\"https:\/\/www.blog2social.com\/en\/plugin\/wordpress\/premium-trial\/\" target=\"_blank\" rel=\"noreferrer noopener\">Alors commence d\u00e8s maintenant avec notre version d&#8217;essai gratuite. <\/a><\/p>\n\n\n\n<p><strong>Vous \u00eates int\u00e9ress\u00e9 par d&#8217;autres r\u00e9visions de Blog2Social?<\/strong> Lisez ce que les autres \u00e9crivent sur Blog2Social ou laissez un commentaire vous-m\u00eame.<\/p>\n\n\n\n<div class=\"wp-block-image\"><figure class=\"aligncenter size-full is-resized\"><img loading=\"lazy\" decoding=\"async\" src=\"https:\/\/www.blog2social.com\/de\/blog\/wp-content\/uploads\/2021\/11\/review-anfrage-fr.png\" alt=\"Tu aimes travailler avec Blog2Social ? Fais passer le mot et donne-nous une note de 5 \u00e9toiles. Merci beaucoup!\" class=\"wp-image-106098\" width=\"515\" height=\"258\"\/><\/figure><\/div>\n\n\n\n<p class=\"has-text-align-center\"><a href=\"https:\/\/wordpress.org\/plugins\/blog2social\/\" target=\"_blank\" rel=\"noreferrer noopener\">WordPress.org<\/a> <a href=\"https:\/\/www.facebook.com\/Blog2Social\/\" target=\"_blank\" rel=\"noreferrer noopener\">Facebook<\/a> <a href=\"https:\/\/www.google.com\/search?q=adenion&amp;rlz=1C1AVFB_enDE941DE941&amp;oq=adenion+&amp;aqs=chrome.0.69i59j46i175i199i512j0i512l2j69i61l3j69i65.2703j0j7&amp;sourceid=chrome&amp;ie=UTF-8#lrd=0x47bf4c3b97e5416b:0x7ffab8eff1308e34,1,,,\" target=\"_blank\" rel=\"noreferrer noopener\">Google Business Profile<\/a>  <a href=\"https:\/\/www.g2.com\/products\/blog2social\/reviews\" target=\"_blank\" rel=\"noreferrer noopener\">G2Crowd<\/a> <a href=\"https:\/\/www.capterra.com.de\/software\/178463\/blog2social\" target=\"_blank\" rel=\"noreferrer noopener\">Capterra<\/a>  <a href=\"https:\/\/omr.com\/de\/reviews\/product\/blog2social\" target=\"_blank\" rel=\"noreferrer noopener\">OMR Reviews<\/a> <a href=\"https:\/\/www.trustpilot.com\/review\/blog2social.com\" target=\"_blank\" rel=\"noreferrer noopener\">Trustpilot<\/a> <a href=\"https:\/\/crozdesk.com\/software\/blog2social\" target=\"_blank\" rel=\"noreferrer noopener\">Crozdesk<\/a><\/p>\n\n\n\n<hr class=\"wp-block-separator\"\/>\n\n\n\n<p><strong>Elle donne la parole \u00e0 nos testeurs, clients et fans. Merci pour toutes ces superbes et utiles critiques. Tu en trouveras une s\u00e9lection ici.<\/strong><\/p>\n\n\n\n<ol class=\"wp-block-list\"><li><a href=\"#Article-de-Blog\" target=\"_blank\" rel=\"noreferrer noopener\">Article de blog<\/a><\/li><li><a href=\"#Vid\u00e9o\">Vid\u00e9o<\/a><\/li><\/ol>\n\n\n\n<p>Nous tenons \u00e9galement \u00e0 remercier Olivier (<a href=\"https:\/\/extraspeech.com\/\" target=\"_blank\" rel=\"noreferrer noopener\">https:\/\/extraspeech.com\/<\/a>) pour la traduction de ce plugin en fran\u00e7ais.<\/p>\n\n\n\n<hr class=\"wp-block-separator\"\/>\n\n\n\n<h2 class=\"wp-block-heading\" id=\"Article-de-blog\">Article de blog<\/h2>\n\n\n\n<div class=\"wp-block-media-text alignwide is-stacked-on-mobile\" style=\"grid-template-columns:48% auto\"><figure class=\"wp-block-media-text__media\"><img loading=\"lazy\" decoding=\"async\" width=\"850\" height=\"491\" src=\"https:\/\/www.blog2social.com\/de\/blog\/wp-content\/uploads\/2021\/11\/beitragsbild-costainvest-review-blog2social.jpg\" alt=\"\" class=\"wp-image-106075 size-full\" srcset=\"https:\/\/www.blog2social.com\/de\/blog\/wp-content\/uploads\/2021\/11\/beitragsbild-costainvest-review-blog2social.jpg 850w, https:\/\/www.blog2social.com\/de\/blog\/wp-content\/uploads\/2021\/11\/beitragsbild-costainvest-review-blog2social-600x347.jpg 600w, https:\/\/www.blog2social.com\/de\/blog\/wp-content\/uploads\/2021\/11\/beitragsbild-costainvest-review-blog2social-768x444.jpg 768w, https:\/\/www.blog2social.com\/de\/blog\/wp-content\/uploads\/2021\/11\/beitragsbild-costainvest-review-blog2social-779x450.jpg 779w\" sizes=\"auto, (max-width: 850px) 100vw, 850px\" \/><\/figure><div class=\"wp-block-media-text__content\">\n<blockquote class=\"wp-block-quote is-layout-flow wp-block-quote-is-layout-flow\"><p>&#8222;C\u2019est une bonne option pour les agents immobiliers disposant de budgets limit\u00e9s qui souhaitent am\u00e9liorer leur pr\u00e9sence sur les r\u00e9seaux sociaux, car la licence gratuite du plugin vous permet d\u2019utiliser la plupart des fonctionnalit\u00e9s disponibles. Le nombre de platesformes est tr\u00e8s int\u00e9ressant, et le plugin relie des profils, des pages et des groupes, facilitant ainsi une diffusion maximale des publications immobili\u00e8res.&#8220;<\/p><p><strong>Daniel Costa Lerena de costainvest.org<\/strong><\/p><\/blockquote>\n<\/div><\/div>\n\n\n\n<p><a href=\"https:\/\/www.costainvest.org\/fr\/blog2social-publier-reseaux-sociaux\/\" target=\"_blank\" rel=\"noreferrer noopener\">En savoir plus sur l&#8217;exp\u00e9rience de Daniel Costa Lerena avec Blog2Social.<\/a><\/p>\n\n\n\n<hr class=\"wp-block-separator\"\/>\n\n\n\n<h2 class=\"wp-block-heading\" id=\"Vid\u00e9o\">Vid\u00e9o<\/h2>\n\n\n\n<p><strong>StratosWeb sur les fonctionnalit\u00e9s de Blog2Social:<\/strong><br>\u201eQuand on publie un article sur on site, on perd un temps fou \u00e0 faire des publications sur les r\u00e9seaux sociaux afin de notifier du nouvel article. C\u2019\u00e9tait avant l\u2019arriv\u00e9e de BLOG2SOCIAL, un plugin WordPress qui va vous permettre \u201aautomatiser la.\u201c<\/p>\n\n\n\n<p>Voir la vid\u00e9o: <a href=\"http:\/\/w.youtube.com\/watch?v=dgVz0fPZrSE\" target=\"_blank\" rel=\"noreferrer noopener\">https:\/\/www.youtube.com\/watch?v=dgVz0fPZrSE<\/a><\/p>\n\n\n\n<iframe loading=\"lazy\" src=\"https:\/\/www.youtube.com\/embed\/dgVz0fPZrSE\" title=\"YouTube video player\" allow=\"accelerometer; autoplay; clipboard-write; encrypted-media; gyroscope; picture-in-picture\" allowfullscreen=\"\" width=\"560\" height=\"315\" frameborder=\"0\"><\/iframe>\n\n\n\n<hr class=\"wp-block-separator\"\/>\n\n\n\n<p> <strong>Vous \u00eates curieux ?<\/strong> <a href=\"https:\/\/www.blog2social.com\/en\/plugin\/wordpress\/premium-trial\/\" target=\"_blank\" rel=\"noreferrer noopener\">Alors commence d\u00e8s maintenant avec notre version d&#8217;essai gratui.<\/a> <\/p>\n\n\n\n<hr class=\"wp-block-separator\"\/>\n\n\n\n<div class=\"wp-block-image\"><figure class=\"aligncenter size-full is-resized\"><img loading=\"lazy\" decoding=\"async\" src=\"https:\/\/www.blog2social.com\/de\/blog\/wp-content\/uploads\/2021\/11\/review-anfrage-fr.png\" alt=\"Tu aimes travailler avec Blog2Social ? Fais passer le mot et donne-nous une note de 5 \u00e9toiles. Merci beaucoup!\" class=\"wp-image-106098\" width=\"515\" height=\"258\"\/><\/figure><\/div>\n\n\n\n<p class=\"has-text-align-center\"> <\/p>\n\n\n\n<p class=\"has-text-align-center\"><a href=\"https:\/\/wordpress.org\/plugins\/blog2social\/\" target=\"_blank\" rel=\"noreferrer noopener\">WordPress.org<\/a> <a href=\"https:\/\/www.facebook.com\/Blog2Social\/\" target=\"_blank\" rel=\"noreferrer noopener\">Facebook<\/a> <a href=\"https:\/\/www.google.com\/search?q=adenion&amp;rlz=1C1AVFB_enDE941DE941&amp;oq=adenion+&amp;aqs=chrome.0.69i59j46i175i199i512j0i512l2j69i61l3j69i65.2703j0j7&amp;sourceid=chrome&amp;ie=UTF-8#lrd=0x47bf4c3b97e5416b:0x7ffab8eff1308e34,1,,,\" target=\"_blank\" rel=\"noreferrer noopener\">Google Business Profile<\/a>  <a href=\"https:\/\/www.g2.com\/products\/blog2social\/reviews\" target=\"_blank\" rel=\"noreferrer noopener\">G2Crowd<\/a> <a href=\"https:\/\/www.capterra.com.de\/software\/178463\/blog2social\" target=\"_blank\" rel=\"noreferrer noopener\">Capterra<\/a>  <a href=\"https:\/\/omr.com\/de\/reviews\/product\/blog2social\" target=\"_blank\" rel=\"noreferrer noopener\">OMR Reviews<\/a> <a href=\"https:\/\/www.trustpilot.com\/review\/blog2social.com\" target=\"_blank\" rel=\"noreferrer noopener\">Trustpilot<\/a> <a href=\"https:\/\/crozdesk.com\/software\/blog2social\" target=\"_blank\" rel=\"noreferrer noopener\">Crozdesk<\/a><\/p>\n\n\n\n<hr class=\"wp-block-separator\"\/>\n","protected":false},"excerpt":{"rendered":"<p>Tu trouveras ici des commentaires, des r\u00e9visions et des avis de clients enthousiastes sur Blog2Social. &#8222;Blog2Social saves your time and prevents you from this sharing-pain&#8220;, estime Chris Abraham. Et Blog2Social peut faire bien plus encore. Vous \u00eates curieux ? Alors commence d\u00e8s maintenant avec notre version d&#8217;essai gratuite. Vous \u00eates int\u00e9ress\u00e9 par d&#8217;autres r\u00e9visions de [&hellip;]<\/p>\n","protected":false},"author":4,"featured_media":0,"parent":0,"menu_order":0,"comment_status":"closed","ping_status":"closed","template":"","meta":{"footnotes":""},"class_list":["post-106096","page","type-page","status-publish","hentry"],"yoast_head":"<!-- This site is optimized with the Yoast SEO plugin v27.6 - https:\/\/yoast.com\/product\/yoast-seo-wordpress\/ -->\n<title>R\u00e9visions \u00e0 Blog2Social<\/title>\n<meta name=\"description\" content=\"Vous trouverez ici les avis les plus importants sur l&#039;outil de r\u00e9seau social Blog2Social. D\u00e9couvrez ce que les autres pensent de Blog2Social ou laissez un avis vous-m\u00eame.\" \/>\n<meta name=\"robots\" content=\"index, follow, max-snippet:-1, max-image-preview:large, max-video-preview:-1\" \/>\n<link rel=\"canonical\" href=\"https:\/\/www.blog2social.com\/de\/blog\/revisions\/\" \/>\n<meta property=\"og:locale\" content=\"de_DE\" \/>\n<meta property=\"og:type\" content=\"article\" \/>\n<meta property=\"og:title\" content=\"R\u00e9visions \u00e0 Blog2Social\" \/>\n<meta property=\"og:description\" content=\"Vous trouverez ici les avis les plus importants sur l&#039;outil de r\u00e9seau social Blog2Social. D\u00e9couvrez ce que les autres pensent de Blog2Social ou laissez un avis vous-m\u00eame.\" \/>\n<meta property=\"og:url\" content=\"https:\/\/www.blog2social.com\/de\/blog\/revisions\/\" \/>\n<meta property=\"og:site_name\" content=\"Blog2Social Blog - Social Media Marketing f\u00fcr Blogs\" \/>\n<meta property=\"article:publisher\" content=\"https:\/\/www.facebook.com\/Blog2Social\" \/>\n<meta property=\"article:modified_time\" content=\"2022-04-28T10:08:11+00:00\" \/>\n<meta property=\"og:image\" content=\"https:\/\/www.blog2social.com\/de\/blog\/wp-content\/uploads\/2021\/11\/review-anfrage-fr.png\" \/>\n<meta name=\"twitter:label1\" content=\"Gesch\u00e4tzte Lesezeit\" \/>\n\t<meta name=\"twitter:data1\" content=\"3\u00a0Minuten\" \/>\n<script type=\"application\/ld+json\" class=\"yoast-schema-graph\">{\"@context\":\"https:\\\/\\\/schema.org\",\"@graph\":[{\"@type\":\"WebPage\",\"@id\":\"https:\\\/\\\/www.blog2social.com\\\/de\\\/blog\\\/revisions\\\/\",\"url\":\"https:\\\/\\\/www.blog2social.com\\\/de\\\/blog\\\/revisions\\\/\",\"name\":\"R\u00e9visions \u00e0 Blog2Social\",\"isPartOf\":{\"@id\":\"https:\\\/\\\/www.blog2social.com\\\/de\\\/blog\\\/#website\"},\"primaryImageOfPage\":{\"@id\":\"https:\\\/\\\/www.blog2social.com\\\/de\\\/blog\\\/revisions\\\/#primaryimage\"},\"image\":{\"@id\":\"https:\\\/\\\/www.blog2social.com\\\/de\\\/blog\\\/revisions\\\/#primaryimage\"},\"thumbnailUrl\":\"https:\\\/\\\/www.blog2social.com\\\/de\\\/blog\\\/wp-content\\\/uploads\\\/2021\\\/11\\\/review-anfrage-fr.png\",\"datePublished\":\"2021-11-22T08:17:24+00:00\",\"dateModified\":\"2022-04-28T10:08:11+00:00\",\"description\":\"Vous trouverez ici les avis les plus importants sur l'outil de r\u00e9seau social Blog2Social. D\u00e9couvrez ce que les autres pensent de Blog2Social ou laissez un avis vous-m\u00eame.\",\"breadcrumb\":{\"@id\":\"https:\\\/\\\/www.blog2social.com\\\/de\\\/blog\\\/revisions\\\/#breadcrumb\"},\"inLanguage\":\"de\",\"potentialAction\":[{\"@type\":\"ReadAction\",\"target\":[\"https:\\\/\\\/www.blog2social.com\\\/de\\\/blog\\\/revisions\\\/\"]}]},{\"@type\":\"ImageObject\",\"inLanguage\":\"de\",\"@id\":\"https:\\\/\\\/www.blog2social.com\\\/de\\\/blog\\\/revisions\\\/#primaryimage\",\"url\":\"https:\\\/\\\/www.blog2social.com\\\/de\\\/blog\\\/wp-content\\\/uploads\\\/2021\\\/11\\\/review-anfrage-fr.png\",\"contentUrl\":\"https:\\\/\\\/www.blog2social.com\\\/de\\\/blog\\\/wp-content\\\/uploads\\\/2021\\\/11\\\/review-anfrage-fr.png\",\"width\":400,\"height\":200,\"caption\":\"Tu aimes travailler avec Blog2Social? Fais passer le mot et donne-nous une note de 5 \u00e9toiles. Merci beaucoup!\"},{\"@type\":\"BreadcrumbList\",\"@id\":\"https:\\\/\\\/www.blog2social.com\\\/de\\\/blog\\\/revisions\\\/#breadcrumb\",\"itemListElement\":[{\"@type\":\"ListItem\",\"position\":1,\"name\":\"Home\",\"item\":\"https:\\\/\\\/www.blog2social.com\\\/de\\\/blog\\\/\"},{\"@type\":\"ListItem\",\"position\":2,\"name\":\"R\u00e9visions \u00e0 Blog2Social\"}]},{\"@type\":\"WebSite\",\"@id\":\"https:\\\/\\\/www.blog2social.com\\\/de\\\/blog\\\/#website\",\"url\":\"https:\\\/\\\/www.blog2social.com\\\/de\\\/blog\\\/\",\"name\":\"Blog2Social Blog - Social Media Marketing f\u00fcr Blogs\",\"description\":\"Tipps zum Optimieren von Social Media Posts auf Netzwerken wie Facebook, Twitter, XING, Instagram, Pinterest. Profi-Tipps zu den besten Zeiten.\",\"potentialAction\":[{\"@type\":\"SearchAction\",\"target\":{\"@type\":\"EntryPoint\",\"urlTemplate\":\"https:\\\/\\\/www.blog2social.com\\\/de\\\/blog\\\/?s={search_term_string}\"},\"query-input\":{\"@type\":\"PropertyValueSpecification\",\"valueRequired\":true,\"valueName\":\"search_term_string\"}}],\"inLanguage\":\"de\"}]}<\/script>\n<!-- \/ Yoast SEO plugin. -->","yoast_head_json":{"title":"R\u00e9visions \u00e0 Blog2Social","description":"Vous trouverez ici les avis les plus importants sur l'outil de r\u00e9seau social Blog2Social. D\u00e9couvrez ce que les autres pensent de Blog2Social ou laissez un avis vous-m\u00eame.","robots":{"index":"index","follow":"follow","max-snippet":"max-snippet:-1","max-image-preview":"max-image-preview:large","max-video-preview":"max-video-preview:-1"},"canonical":"https:\/\/www.blog2social.com\/de\/blog\/revisions\/","og_locale":"de_DE","og_type":"article","og_title":"R\u00e9visions \u00e0 Blog2Social","og_description":"Vous trouverez ici les avis les plus importants sur l'outil de r\u00e9seau social Blog2Social. D\u00e9couvrez ce que les autres pensent de Blog2Social ou laissez un avis vous-m\u00eame.","og_url":"https:\/\/www.blog2social.com\/de\/blog\/revisions\/","og_site_name":"Blog2Social Blog - Social Media Marketing f\u00fcr Blogs","article_publisher":"https:\/\/www.facebook.com\/Blog2Social","article_modified_time":"2022-04-28T10:08:11+00:00","og_image":[{"url":"https:\/\/www.blog2social.com\/de\/blog\/wp-content\/uploads\/2021\/11\/review-anfrage-fr.png","type":"","width":"","height":""}],"twitter_misc":{"Gesch\u00e4tzte Lesezeit":"3\u00a0Minuten"},"schema":{"@context":"https:\/\/schema.org","@graph":[{"@type":"WebPage","@id":"https:\/\/www.blog2social.com\/de\/blog\/revisions\/","url":"https:\/\/www.blog2social.com\/de\/blog\/revisions\/","name":"R\u00e9visions \u00e0 Blog2Social","isPartOf":{"@id":"https:\/\/www.blog2social.com\/de\/blog\/#website"},"primaryImageOfPage":{"@id":"https:\/\/www.blog2social.com\/de\/blog\/revisions\/#primaryimage"},"image":{"@id":"https:\/\/www.blog2social.com\/de\/blog\/revisions\/#primaryimage"},"thumbnailUrl":"https:\/\/www.blog2social.com\/de\/blog\/wp-content\/uploads\/2021\/11\/review-anfrage-fr.png","datePublished":"2021-11-22T08:17:24+00:00","dateModified":"2022-04-28T10:08:11+00:00","description":"Vous trouverez ici les avis les plus importants sur l'outil de r\u00e9seau social Blog2Social. D\u00e9couvrez ce que les autres pensent de Blog2Social ou laissez un avis vous-m\u00eame.","breadcrumb":{"@id":"https:\/\/www.blog2social.com\/de\/blog\/revisions\/#breadcrumb"},"inLanguage":"de","potentialAction":[{"@type":"ReadAction","target":["https:\/\/www.blog2social.com\/de\/blog\/revisions\/"]}]},{"@type":"ImageObject","inLanguage":"de","@id":"https:\/\/www.blog2social.com\/de\/blog\/revisions\/#primaryimage","url":"https:\/\/www.blog2social.com\/de\/blog\/wp-content\/uploads\/2021\/11\/review-anfrage-fr.png","contentUrl":"https:\/\/www.blog2social.com\/de\/blog\/wp-content\/uploads\/2021\/11\/review-anfrage-fr.png","width":400,"height":200,"caption":"Tu aimes travailler avec Blog2Social? Fais passer le mot et donne-nous une note de 5 \u00e9toiles. Merci beaucoup!"},{"@type":"BreadcrumbList","@id":"https:\/\/www.blog2social.com\/de\/blog\/revisions\/#breadcrumb","itemListElement":[{"@type":"ListItem","position":1,"name":"Home","item":"https:\/\/www.blog2social.com\/de\/blog\/"},{"@type":"ListItem","position":2,"name":"R\u00e9visions \u00e0 Blog2Social"}]},{"@type":"WebSite","@id":"https:\/\/www.blog2social.com\/de\/blog\/#website","url":"https:\/\/www.blog2social.com\/de\/blog\/","name":"Blog2Social Blog - Social Media Marketing f\u00fcr Blogs","description":"Tipps zum Optimieren von Social Media Posts auf Netzwerken wie Facebook, Twitter, XING, Instagram, Pinterest. Profi-Tipps zu den besten Zeiten.","potentialAction":[{"@type":"SearchAction","target":{"@type":"EntryPoint","urlTemplate":"https:\/\/www.blog2social.com\/de\/blog\/?s={search_term_string}"},"query-input":{"@type":"PropertyValueSpecification","valueRequired":true,"valueName":"search_term_string"}}],"inLanguage":"de"}]}},"post_mailing_queue_ids":[],"_links":{"self":[{"href":"https:\/\/www.blog2social.com\/de\/blog\/wp-json\/wp\/v2\/pages\/106096","targetHints":{"allow":["GET"]}}],"collection":[{"href":"https:\/\/www.blog2social.com\/de\/blog\/wp-json\/wp\/v2\/pages"}],"about":[{"href":"https:\/\/www.blog2social.com\/de\/blog\/wp-json\/wp\/v2\/types\/page"}],"author":[{"embeddable":true,"href":"https:\/\/www.blog2social.com\/de\/blog\/wp-json\/wp\/v2\/users\/4"}],"replies":[{"embeddable":true,"href":"https:\/\/www.blog2social.com\/de\/blog\/wp-json\/wp\/v2\/comments?post=106096"}],"version-history":[{"count":1,"href":"https:\/\/www.blog2social.com\/de\/blog\/wp-json\/wp\/v2\/pages\/106096\/revisions"}],"predecessor-version":[{"id":106576,"href":"https:\/\/www.blog2social.com\/de\/blog\/wp-json\/wp\/v2\/pages\/106096\/revisions\/106576"}],"wp:attachment":[{"href":"https:\/\/www.blog2social.com\/de\/blog\/wp-json\/wp\/v2\/media?parent=106096"}],"curies":[{"name":"wp","href":"https:\/\/api.w.org\/{rel}","templated":true}]}}