{"id":62545,"date":"2017-09-22T11:11:54","date_gmt":"2017-09-22T09:11:54","guid":{"rendered":"https:\/\/www.blog2social.com\/de\/blog\/?page_id=62545"},"modified":"2025-03-11T12:13:00","modified_gmt":"2025-03-11T11:13:00","slug":"ratgeber-social-media","status":"publish","type":"page","link":"https:\/\/www.blog2social.com\/de\/blog\/ratgeber-social-media\/","title":{"rendered":"Ratgeber Social Media"},"content":{"rendered":"<div><img loading=\"lazy\" decoding=\"async\" class=\"size-full wp-image-108741\" src=\"https:\/\/www.blog2social.com\/de\/blog\/wp-content\/uploads\/2025\/02\/social-media-leitfaden-header.png\" alt=\"social media leitfaden \" width=\"900\" height=\"506\" srcset=\"https:\/\/www.blog2social.com\/de\/blog\/wp-content\/uploads\/2025\/02\/social-media-leitfaden-header.png 900w, https:\/\/www.blog2social.com\/de\/blog\/wp-content\/uploads\/2025\/02\/social-media-leitfaden-header-600x337.png 600w, https:\/\/www.blog2social.com\/de\/blog\/wp-content\/uploads\/2025\/02\/social-media-leitfaden-header-768x432.png 768w, https:\/\/www.blog2social.com\/de\/blog\/wp-content\/uploads\/2025\/02\/social-media-leitfaden-header-800x450.png 800w\" sizes=\"auto, (max-width: 900px) 100vw, 900px\" \/><\/div>\n<div><\/div>\n<div><\/div>\n<div><\/div>\n<div><\/div>\n<div>Hol Dir den Leitfaden &amp; Toolkit f\u00fcr Dein zeitsparendes Social Media Marketing: Strategien, Infografiken, Vorlagen, Checklisten und Tools f\u00fcr Deine t\u00e4gliche Social Media Routine.<\/div>\n<p><!--\n\n\n<div><\/div>\n\n\n\n\n<div><\/div>\n\n\n\n\n<div class=\"row\">\n\n\n<div class=\"col-md-6\"><img loading=\"lazy\" decoding=\"async\" class=\"wp-image-106625 alignleft\" src=\"https:\/\/www.blog2social.com\/de\/blog\/wp-content\/uploads\/2022\/05\/Clipboard.png\" alt=\"Social Media Guide\" width=\"376\" height=\"505\" srcset=\"https:\/\/www.blog2social.com\/de\/blog\/wp-content\/uploads\/2022\/05\/Clipboard.png 598w, https:\/\/www.blog2social.com\/de\/blog\/wp-content\/uploads\/2022\/05\/Clipboard-335x450.png 335w\" sizes=\"auto, (max-width: 376px) 100vw, 376px\" \/><\/div>\n\n\n\n\n<div><\/div>\n\n\n\n\n<div class=\"col-md-6\">Lade Dir den kostenlosen Social Media Leitfaden jetzt herunter.<\/div>\n\n\n\n\n<div><\/div>\n\n\n\n\n<div class=\"col-md-6\">[rainmaker_form id=\"106638\"]<\/div>\n\n\n\n\n<div>\n\n\n<div>\n--><br \/>\n<div id=\"rainmaker_form_108909\" class=\"rm_form_container rainmaker_form  \" data-type=\"rm_custom\" data-form-id=\"108909\"><div id=\"rm_form_error_message_108909\" class=\"rm_form_error_message\" style=\"display:none\"><\/div><div class=\"row leadform\">\r\n\t<h3 style=\"margin-top: 0\">Hole Dir jetzt den ultimativen Social-Media-Ratgeber!<\/h3>\r\n\r\n\t<div class=\"col-md-4\">\r\n\t\t<img decoding=\"async\" src=\"https:\/\/www.blog2social.com\/de\/blog\/wp-content\/uploads\/2025\/02\/Social-Media-Leitfaden-und-Toolkit.png\">\r\n\t<\/div>\r\n\r\n\t<div class=\"col-md-8\">\r\n\t\t<form class=\"DSGVO lead\" action=\"https:\/\/e.asend.de\/blog2social\/lead.php?entryPoint=WebToLeadCapture\" method=\"post\" id=\"pleaseValidate\">\r\n\t\t\t<div style=\"margin:0; padding:0\">\r\n\t\t\t\t<div class=\"custom_form_error_message\" id=\"custom_form_error_confirm_invalid_captcha\" style=\"display: none\">Ung\u00fcltiges Recaptcha<\/div>\r\n\t\t\t\t<div class=\"custom_form_error_message\" id=\"custom_form_error_confirm_invalid_email\" style=\"display: none\">Ung\u00fcltige Email Adresse<\/div>\r\n\t\t\t\t<div class=\"custom_form_error_message\" id=\"custom_form_error_confirm_invalid_param\" style=\"display: none\">Ung\u00fcltige Parameter<\/div>\r\n\t\t\t\t<div class=\"custom_form_error_message\" id=\"custom_form_error_confirm_invalid_unkown\" style=\"display: none\">Unbekannter Fehler<\/div>\r\n\t\t\t<\/div>\t\t\t\r\n\t\t\t<input type=\"text\" name=\"first_name\" required id=\"first_name\" placeholder=\"Vorname\">\r\n\t\t\t<input type=\"text\" name=\"last_name\" required id=\"last_name\" placeholder=\"Nachname\">\r\n\t\t\t<input type=\"email\" name=\"email1\" required id=\"email1\" placeholder=\"Email-Adresse\">\r\n\t\t\t<input id=\"sprache_c\" name=\"sprache_c\" type=\"hidden\" value=\"deutsch\">\r\n\t\t\t<input id=\"assigned_user_id\" name=\"assigned_user_id\" type=\"hidden\" value=\"\">\r\n\t\t\t<input id=\"geeignet_fuer_produkt_c\" name=\"geeignet_fuer_produkt_c\" type=\"hidden\" value=\"Blog2Social_wp_plugin\">\r\n\t\t\t<input id=\"redirect_url\" name=\"redirect_url\" type=\"hidden\" value=\"\">\r\n\t\t\t<input id=\"redirect_parameter\" name=\"redirect_parameter\" type=\"hidden\" value=\"v=confirm\">\r\n\t\t\t<input id=\"referrer\" name=\"referrer\" type=\"hidden\" value=\"\">\r\n\t\t\t<input id=\"campaign_id\" name=\"campaign_id\" type=\"hidden\" value=\"1d5f1dcc-8c4a-54fb-84bd-67b7120c6b5d\">\r\n\t\t\t<div class=\"remark\">\r\n\t\t\t\t<p>\r\n\t\t\t\t\t<div class=\"g-recaptcha\" data-sitekey=\"6LeBhaAkAAAAAPkBZg1XL1zvPfdch-VYS1-aX1Eq\" data-callback=\"recaptchaCallback\" data-expired-callback=\"recaptchaExpiredCallback\"><\/div>\r\n\t\t\t\t<\/p>\r\n\t\t\t\t<p>\r\n\t\t\t\t\t<label title=\"You may at any time revoke your consent\"><input type=\"checkbox\" class=\"DSGVO2\" name=\"dsgvo_c\" value=\"eingewilligt\">&nbsp;&nbsp;Ja, ich habe die <a href=\"https:\/\/www.adenion.de\/datenschutz\" target=\"_blank\">Datenschutzerkl\u00e4rung<\/a> und <a href=\"https:\/\/de.blog2social.com\/agb\/\" target=\"_blank\">AGB<\/a> gelesen und bin damit einverstanden.<\/label>\r\n\t\t\t\t<\/p>\r\n\t\t\t<\/div>\r\n\t\t\t<input id=\"CaptchaDSGVOsubmit\" style=\"border-radius: 30px 30px 30px 0px!important; text-transform: none\" class=\"DSGVOsubmit btn btn-success\" disabled=\"disabled\" type=\"submit\" value=\"Whitepaper sichern\">\r\n\t\t<\/form>\r\n\t<\/div>\r\n<\/div><div class=\"rm-loader\"><\/div><\/div><div id=\"rm_form_message_108909\" class=\"rm_form_message\" style=\"display:none\">Thank you!<\/div><\/p>\n<h2>Sneek Preview:<\/h2>\n<h2>Social Media Marketing meistern: Dein ultimativer Strategie-Leitfaden<\/h2>\n<p>Die Social Media sind die wichtigste Quelle, um Traffic auf einen Blog oder eine Website zu bringen und Reichweite zu erzielen. Auch deine Leser und potentiellen Kunden nutzen die Social-Media-Kan\u00e4le, um gezielt zu recherchieren, um Infos auszutauschen und \u00fcber aktuelle Themen zu diskutieren.Der Social-Media-Guide hilft Dir mit Strategien, Tipps &amp; Tools, um Dein Social Media Marketing zum Erfolg zu f\u00fchren.<\/p>\n<h3><b>Was du lernen wirst:<\/b><\/h3>\n<h3><b>\ud83d\ude80 Umfassende Content-Strategie im \u00dcberblick<\/b><\/h3>\n<ul>\n<li>\n<div>Identifiziere und verstehe deine Zielgruppe<\/div>\n<\/li>\n<li>\n<div>Recherchiere aktuelle Trends und relevante Keywords<\/div>\n<\/li>\n<li>\n<div>Entwickle eine vielseitige Content-Mischung, die dein Publikum fesselt<\/div>\n<\/li>\n<li>\n<div>Meistere die Kunst, fesselnde Inhalte zu erstellen, die deine Zielgruppe ansprechen<\/div>\n<\/li>\n<li>\n<div>Entdecke bew\u00e4hrte Techniken f\u00fcr Blog-Beitr\u00e4ge und Multimedia-Inhalte, die Aufmerksamkeit erregen<\/div>\n<\/li>\n<li>\n<div>Nutze KI-Tools wie ChatGPT, Claude und Perplexity f\u00fcr Content-Ideenfindung<\/div>\n<\/li>\n<\/ul>\n<h3><b>\ud83d\udcdd Content-Erstellung Masterclass<\/b><\/h3>\n<ul>\n<li>\n<div>Erstelle \u00fcberzeugende Blog-Beitr\u00e4ge mit bew\u00e4hrten Headline-Formeln<\/div>\n<\/li>\n<li>\n<div>Techniken f\u00fcr Social-Media-Posts, die den Scroll-Daumen stoppen<\/div>\n<\/li>\n<li>\n<div>Entwickle Content-Strukturen f\u00fcr maximale Leserinteraktion<\/div>\n<\/li>\n<li>\n<div>Optimiere deine Inhalte f\u00fcr Suchmaschinen mit strategischer Keyword-Nutzung<\/div>\n<\/li>\n<\/ul>\n<h3><b>\u267b\ufe0f Clevere Content-Recycling-Techniken<\/b><\/h3>\n<div>Verwandle einen Content-Baustein in verschiedene Formate:<\/div>\n<ul>\n<li>\n<div>Wandle Blog-Beitr\u00e4ge in Infografiken um<\/div>\n<\/li>\n<li>\n<div>Transformiere Videos zu Podcast-Episoden<\/div>\n<\/li>\n<li>\n<div>Erstelle Social-Media-Grafiken aus vorhandenem Material<\/div>\n<\/li>\n<li>\n<div>Entwickle Kurz-Videos aus umfangreicheren Inhalten<\/div>\n<\/li>\n<\/ul>\n<h3><b>\ud83d\udcca Intelligente Content-Verteilung<\/b><\/h3>\n<ul>\n<li>\n<div>Lerne, wie du deine Inhalte \u00fcber verschiedene Plattformen wiederverwendest<\/div>\n<\/li>\n<li>\n<div>Maximiere deine Reichweite mit strategischen Cross-Promotion-Techniken<\/div>\n<\/li>\n<li>\n<div>Verstehe die einzigartigen Nuancen der verschiedenen Social-Media-Netzwerke<\/div>\n<\/li>\n<\/ul>\n<h3><b>\ud83c\udff7\ufe0f Hashtag- und Emoji-Strategie<\/b><\/h3>\n<ul>\n<li>\n<div>Lerne, Hashtags effektiv zu nutzen<\/div>\n<\/li>\n<li>\n<div>Verstehe Emoji-Best-Practices f\u00fcr verschiedene Plattformen<\/div>\n<\/li>\n<li>\n<div>Steigere deine Sichtbarkeit und Engagement<\/div>\n<\/li>\n<\/ul>\n<h3><b>\ud83d\udee0 Wichtige Content-Marketing-Tools und Ressourcen<\/b><\/h3>\n<ul>\n<li>\n<div>Kostenlose KI-Content-Generatoren<\/div>\n<\/li>\n<li>\n<div>Social-Media-Scheduling-Plattformen<\/div>\n<\/li>\n<li>\n<div>Grafik-Erstellungs-Tools wie Canva<\/div>\n<\/li>\n<li>\n<div>Analytics- und Tracking-Ressourcen<\/div>\n<\/li>\n<\/ul>\n<h3><b>\ud83e\udd16 Social-Media-Automatisierungs-Strategien<\/b><\/h3>\n<ul>\n<li>\n<div>Plane Posts zur optimalen Engagement-Zeit<\/div>\n<\/li>\n<li>\n<div>Nutze Cross-Promotion-Techniken<\/div>\n<\/li>\n<li>\n<div>Automatisiere Content-Sharing \u00fcber Plattformen hinweg<\/div>\n<\/li>\n<li>\n<div>Tracke und analysiere deine Content-Performance<\/div>\n<\/li>\n<\/ul>\n<div>Entdecke die Geheimnisse des Social Media Marketings, die Top-Marken und Influencer nutzen, um riesige, engagierte Zielgruppen aufzubauen. Egal ob du ein kleines Unternehmen f\u00fchrst, Freelancer bist oder angehender Content-Creator \u2013 dieser Leitfaden ist dein Bauplan f\u00fcr Social-Media-Erfolg.<\/div>\n<div><\/div>\n<\/div>\n<\/div>\n<\/div>\n","protected":false},"excerpt":{"rendered":"<p>Hol Dir den Leitfaden &amp; Toolkit f\u00fcr Dein zeitsparendes Social Media Marketing: Strategien, Infografiken, Vorlagen, Checklisten und Tools f\u00fcr Deine t\u00e4gliche Social Media Routine. Sneek Preview: Social Media Marketing meistern: Dein ultimativer Strategie-Leitfaden Die Social Media sind die wichtigste Quelle, um Traffic auf einen Blog oder eine Website zu bringen und Reichweite zu erzielen. Auch [&hellip;]<\/p>\n","protected":false},"author":4,"featured_media":0,"parent":0,"menu_order":0,"comment_status":"closed","ping_status":"closed","template":"","meta":{"footnotes":""},"class_list":["post-62545","page","type-page","status-publish","hentry"],"yoast_head":"<!-- This site is optimized with the Yoast SEO plugin v27.5 - https:\/\/yoast.com\/product\/yoast-seo-wordpress\/ -->\n<title>Ratgeber Social Media<\/title>\n<meta name=\"description\" content=\"Kostenloser Social Media Leitfaden f\u00fcr Dein zeitsparendes Social Media Marketing. Inklusive Checklisten, Vorlagen und Infografiken.\" \/>\n<meta name=\"robots\" content=\"index, follow, max-snippet:-1, max-image-preview:large, max-video-preview:-1\" \/>\n<link rel=\"canonical\" href=\"https:\/\/www.blog2social.com\/de\/blog\/ratgeber-social-media\/\" \/>\n<meta property=\"og:locale\" content=\"de_DE\" \/>\n<meta property=\"og:type\" content=\"article\" \/>\n<meta property=\"og:title\" content=\"Ratgeber Social Media\" \/>\n<meta property=\"og:description\" content=\"Kostenloser Social Media Leitfaden f\u00fcr Dein zeitsparendes Social Media Marketing. Inklusive Checklisten, Vorlagen und Infografiken.\" \/>\n<meta property=\"og:url\" content=\"https:\/\/www.blog2social.com\/de\/blog\/ratgeber-social-media\/\" \/>\n<meta property=\"og:site_name\" content=\"Blog2Social Blog - Social Media Marketing f\u00fcr Blogs\" \/>\n<meta property=\"article:publisher\" content=\"https:\/\/www.facebook.com\/Blog2Social\" \/>\n<meta property=\"article:modified_time\" content=\"2025-03-11T11:13:00+00:00\" \/>\n<meta property=\"og:image\" content=\"https:\/\/www.blog2social.com\/de\/blog\/wp-content\/uploads\/2025\/02\/social-media-leitfaden-header.png\" \/>\n\t<meta property=\"og:image:width\" content=\"900\" \/>\n\t<meta property=\"og:image:height\" content=\"506\" \/>\n\t<meta property=\"og:image:type\" content=\"image\/png\" \/>\n<meta name=\"twitter:label1\" content=\"Gesch\u00e4tzte Lesezeit\" \/>\n\t<meta name=\"twitter:data1\" content=\"2\u00a0Minuten\" \/>\n<script type=\"application\/ld+json\" class=\"yoast-schema-graph\">{\"@context\":\"https:\\\/\\\/schema.org\",\"@graph\":[{\"@type\":\"WebPage\",\"@id\":\"https:\\\/\\\/www.blog2social.com\\\/de\\\/blog\\\/ratgeber-social-media\\\/\",\"url\":\"https:\\\/\\\/www.blog2social.com\\\/de\\\/blog\\\/ratgeber-social-media\\\/\",\"name\":\"Ratgeber Social Media\",\"isPartOf\":{\"@id\":\"https:\\\/\\\/www.blog2social.com\\\/de\\\/blog\\\/#website\"},\"primaryImageOfPage\":{\"@id\":\"https:\\\/\\\/www.blog2social.com\\\/de\\\/blog\\\/ratgeber-social-media\\\/#primaryimage\"},\"image\":{\"@id\":\"https:\\\/\\\/www.blog2social.com\\\/de\\\/blog\\\/ratgeber-social-media\\\/#primaryimage\"},\"thumbnailUrl\":\"https:\\\/\\\/www.blog2social.com\\\/de\\\/blog\\\/wp-content\\\/uploads\\\/2025\\\/02\\\/social-media-leitfaden-header.png\",\"datePublished\":\"2017-09-22T09:11:54+00:00\",\"dateModified\":\"2025-03-11T11:13:00+00:00\",\"description\":\"Kostenloser Social Media Leitfaden f\u00fcr Dein zeitsparendes Social Media Marketing. Inklusive Checklisten, Vorlagen und Infografiken.\",\"breadcrumb\":{\"@id\":\"https:\\\/\\\/www.blog2social.com\\\/de\\\/blog\\\/ratgeber-social-media\\\/#breadcrumb\"},\"inLanguage\":\"de\",\"potentialAction\":[{\"@type\":\"ReadAction\",\"target\":[\"https:\\\/\\\/www.blog2social.com\\\/de\\\/blog\\\/ratgeber-social-media\\\/\"]}]},{\"@type\":\"ImageObject\",\"inLanguage\":\"de\",\"@id\":\"https:\\\/\\\/www.blog2social.com\\\/de\\\/blog\\\/ratgeber-social-media\\\/#primaryimage\",\"url\":\"https:\\\/\\\/www.blog2social.com\\\/de\\\/blog\\\/wp-content\\\/uploads\\\/2025\\\/02\\\/social-media-leitfaden-header.png\",\"contentUrl\":\"https:\\\/\\\/www.blog2social.com\\\/de\\\/blog\\\/wp-content\\\/uploads\\\/2025\\\/02\\\/social-media-leitfaden-header.png\",\"width\":900,\"height\":506,\"caption\":\"social media leitfaden\"},{\"@type\":\"BreadcrumbList\",\"@id\":\"https:\\\/\\\/www.blog2social.com\\\/de\\\/blog\\\/ratgeber-social-media\\\/#breadcrumb\",\"itemListElement\":[{\"@type\":\"ListItem\",\"position\":1,\"name\":\"Home\",\"item\":\"https:\\\/\\\/www.blog2social.com\\\/de\\\/blog\\\/\"},{\"@type\":\"ListItem\",\"position\":2,\"name\":\"Ratgeber Social Media\"}]},{\"@type\":\"WebSite\",\"@id\":\"https:\\\/\\\/www.blog2social.com\\\/de\\\/blog\\\/#website\",\"url\":\"https:\\\/\\\/www.blog2social.com\\\/de\\\/blog\\\/\",\"name\":\"Blog2Social Blog - Social Media Marketing f\u00fcr Blogs\",\"description\":\"Tipps zum Optimieren von Social Media Posts auf Netzwerken wie Facebook, Twitter, XING, Instagram, Pinterest. Profi-Tipps zu den besten Zeiten.\",\"potentialAction\":[{\"@type\":\"SearchAction\",\"target\":{\"@type\":\"EntryPoint\",\"urlTemplate\":\"https:\\\/\\\/www.blog2social.com\\\/de\\\/blog\\\/?s={search_term_string}\"},\"query-input\":{\"@type\":\"PropertyValueSpecification\",\"valueRequired\":true,\"valueName\":\"search_term_string\"}}],\"inLanguage\":\"de\"}]}<\/script>\n<!-- \/ Yoast SEO plugin. -->","yoast_head_json":{"title":"Ratgeber Social Media","description":"Kostenloser Social Media Leitfaden f\u00fcr Dein zeitsparendes Social Media Marketing. Inklusive Checklisten, Vorlagen und Infografiken.","robots":{"index":"index","follow":"follow","max-snippet":"max-snippet:-1","max-image-preview":"max-image-preview:large","max-video-preview":"max-video-preview:-1"},"canonical":"https:\/\/www.blog2social.com\/de\/blog\/ratgeber-social-media\/","og_locale":"de_DE","og_type":"article","og_title":"Ratgeber Social Media","og_description":"Kostenloser Social Media Leitfaden f\u00fcr Dein zeitsparendes Social Media Marketing. Inklusive Checklisten, Vorlagen und Infografiken.","og_url":"https:\/\/www.blog2social.com\/de\/blog\/ratgeber-social-media\/","og_site_name":"Blog2Social Blog - Social Media Marketing f\u00fcr Blogs","article_publisher":"https:\/\/www.facebook.com\/Blog2Social","article_modified_time":"2025-03-11T11:13:00+00:00","og_image":[{"width":900,"height":506,"url":"https:\/\/www.blog2social.com\/de\/blog\/wp-content\/uploads\/2025\/02\/social-media-leitfaden-header.png","type":"image\/png"}],"twitter_misc":{"Gesch\u00e4tzte Lesezeit":"2\u00a0Minuten"},"schema":{"@context":"https:\/\/schema.org","@graph":[{"@type":"WebPage","@id":"https:\/\/www.blog2social.com\/de\/blog\/ratgeber-social-media\/","url":"https:\/\/www.blog2social.com\/de\/blog\/ratgeber-social-media\/","name":"Ratgeber Social Media","isPartOf":{"@id":"https:\/\/www.blog2social.com\/de\/blog\/#website"},"primaryImageOfPage":{"@id":"https:\/\/www.blog2social.com\/de\/blog\/ratgeber-social-media\/#primaryimage"},"image":{"@id":"https:\/\/www.blog2social.com\/de\/blog\/ratgeber-social-media\/#primaryimage"},"thumbnailUrl":"https:\/\/www.blog2social.com\/de\/blog\/wp-content\/uploads\/2025\/02\/social-media-leitfaden-header.png","datePublished":"2017-09-22T09:11:54+00:00","dateModified":"2025-03-11T11:13:00+00:00","description":"Kostenloser Social Media Leitfaden f\u00fcr Dein zeitsparendes Social Media Marketing. Inklusive Checklisten, Vorlagen und Infografiken.","breadcrumb":{"@id":"https:\/\/www.blog2social.com\/de\/blog\/ratgeber-social-media\/#breadcrumb"},"inLanguage":"de","potentialAction":[{"@type":"ReadAction","target":["https:\/\/www.blog2social.com\/de\/blog\/ratgeber-social-media\/"]}]},{"@type":"ImageObject","inLanguage":"de","@id":"https:\/\/www.blog2social.com\/de\/blog\/ratgeber-social-media\/#primaryimage","url":"https:\/\/www.blog2social.com\/de\/blog\/wp-content\/uploads\/2025\/02\/social-media-leitfaden-header.png","contentUrl":"https:\/\/www.blog2social.com\/de\/blog\/wp-content\/uploads\/2025\/02\/social-media-leitfaden-header.png","width":900,"height":506,"caption":"social media leitfaden"},{"@type":"BreadcrumbList","@id":"https:\/\/www.blog2social.com\/de\/blog\/ratgeber-social-media\/#breadcrumb","itemListElement":[{"@type":"ListItem","position":1,"name":"Home","item":"https:\/\/www.blog2social.com\/de\/blog\/"},{"@type":"ListItem","position":2,"name":"Ratgeber Social Media"}]},{"@type":"WebSite","@id":"https:\/\/www.blog2social.com\/de\/blog\/#website","url":"https:\/\/www.blog2social.com\/de\/blog\/","name":"Blog2Social Blog - Social Media Marketing f\u00fcr Blogs","description":"Tipps zum Optimieren von Social Media Posts auf Netzwerken wie Facebook, Twitter, XING, Instagram, Pinterest. Profi-Tipps zu den besten Zeiten.","potentialAction":[{"@type":"SearchAction","target":{"@type":"EntryPoint","urlTemplate":"https:\/\/www.blog2social.com\/de\/blog\/?s={search_term_string}"},"query-input":{"@type":"PropertyValueSpecification","valueRequired":true,"valueName":"search_term_string"}}],"inLanguage":"de"}]}},"post_mailing_queue_ids":[],"_links":{"self":[{"href":"https:\/\/www.blog2social.com\/de\/blog\/wp-json\/wp\/v2\/pages\/62545","targetHints":{"allow":["GET"]}}],"collection":[{"href":"https:\/\/www.blog2social.com\/de\/blog\/wp-json\/wp\/v2\/pages"}],"about":[{"href":"https:\/\/www.blog2social.com\/de\/blog\/wp-json\/wp\/v2\/types\/page"}],"author":[{"embeddable":true,"href":"https:\/\/www.blog2social.com\/de\/blog\/wp-json\/wp\/v2\/users\/4"}],"replies":[{"embeddable":true,"href":"https:\/\/www.blog2social.com\/de\/blog\/wp-json\/wp\/v2\/comments?post=62545"}],"version-history":[{"count":13,"href":"https:\/\/www.blog2social.com\/de\/blog\/wp-json\/wp\/v2\/pages\/62545\/revisions"}],"predecessor-version":[{"id":109071,"href":"https:\/\/www.blog2social.com\/de\/blog\/wp-json\/wp\/v2\/pages\/62545\/revisions\/109071"}],"wp:attachment":[{"href":"https:\/\/www.blog2social.com\/de\/blog\/wp-json\/wp\/v2\/media?parent=62545"}],"curies":[{"name":"wp","href":"https:\/\/api.w.org\/{rel}","templated":true}]}}